5
Calculate the highest common factor of 232370 and 570.
190
What is the highest common factor of 2454 and 18?
6
What is the highest common factor of 225488 and 1360?
272
What is the highest common factor of 23892 and 1848?
132
Calculate the highest common divisor of 1291340 and 20.
20
Calculate the highest common divisor of 361562 and 586.
586
What is the highest common factor of 85198 and 8856?
82
What is the greatest common divisor of 267815 and 25858?
1847
Calculate the greatest common factor of 336 and 26016.
48
Calculate the greatest common factor of 2536 and 88.
8
What is the highest common factor of 5214 and 18?
6
Calculate the highest common divisor of 1544 and 23359176.
1544
Calculate the highest common divisor of 102459 and 392.
49
What is the greatest common divisor of 12 and 127772?
4
What is the greatest common factor of 49128 and 1380?
276
What is the greatest common factor of 155 and 385?
5
What is the highest common divisor of 690 and 9270?
30
Calculate the highest common factor of 4114 and 38522.
374
What is the highest common divisor of 55 and 38555?
55
Calculate the greatest common divisor of 19092 and 1776.
444
Calculate the highest common factor of 24 and 4581.
3
What is the greatest common factor of 501 and 126753?
501
What is the greatest common divisor of 7 and 3747849?
7
What is the greatest common divisor of 101495 and 106?
53
Calculate the greatest common divisor of 69 and 20618373.
69
Calculate the highest common factor of 53 and 28673.
53
Calculate the greatest common divisor of 7325 and 879.
293
Calculate the highest common factor of 26 and 139394.
2
What is the highest common divisor of 858 and 274692?
66
Calculate the highest common divisor of 189 and 2849.
7
Calculate the greatest common factor of 3704 and 456.
8
What is the greatest common divisor of 3584 and 8960?
1792
Calculate the greatest common divisor of 180 and 127593.
9
Calculate the greatest common factor of 36 and 59382.
18
What is the greatest common factor of 629 and 19?
1
What is the greatest common divisor of 32437 and 5174?
199
Calculate the greatest common factor of 5833 and 12521.
19
What is the greatest common divisor of 16973 and 979?
11
What is the greatest common factor of 2022 and 84250?
674
Calculate the greatest common divisor of 548 and 91516.
548
Calculate the greatest common divisor of 668 and 4892.
4
Calculate the highest common divisor of 564487 and 1771.
77
What is the greatest common factor of 12250 and 24255?
245
Calculate the highest common factor of 14784 and 330.
66
Calculate the highest common factor of 860 and 241230.
430
Calculate the highest common factor of 67364 and 44.
44
Calculate the highest common divisor of 454 and 24869666.
454
What is the highest common divisor of 33150 and 17940?
390
Calculate the greatest common divisor of 855 and 8865.
45
What is the greatest common divisor of 339 and 971235?
339
Calculate the greatest common divisor of 63 and 580209.
21
What is the highest common divisor of 672 and 26976?
96
Calculate the greatest common divisor of 4121 and 18.
1
Calculate the highest common factor of 614 and 1380886.
614
Calculate the greatest common divisor of 714 and 4964.
34
Calculate the greatest common divisor of 361704 and 64.
8
What is the greatest common factor of 2954 and 1790968?
422
What is the greatest common divisor of 336 and 113736?
168
What is the greatest common factor of 6310 and 45?
5
Calculate the greatest common divisor of 2 and 222779.
1
Calculate the greatest common factor of 28743 and 1848.
33
What is the greatest common factor of 273 and 272181?
273
Calculate the highest common factor of 3009 and 29205.
177
Calculate the greatest common divisor of 391 and 5451.
23
Calculate the highest common divisor of 16950 and 70.
10
What is the highest common divisor of 142732 and 20?
4
Calculate the greatest common divisor of 302460 and 672.
12
What is the greatest common divisor of 1162515 and 30?
15
What is the greatest common divisor of 1240 and 9455?
155
What is the highest common divisor of 1736 and 1519?
217
Calculate the greatest common factor of 103861 and 1468.
367
What is the greatest common divisor of 315 and 135?
45
What is the highest common factor of 4565394 and 72?
18
What is the greatest common divisor of 63 and 388881?
9
Calculate the highest common factor of 1136 and 6000.
16
Calculate the greatest common divisor of 185660 and 4.
4
What is the highest common divisor of 86132 and 43772?
1412
Calculate the greatest common divisor of 11784 and 15.
3
What is the highest common divisor of 44 and 38434?
22
Calculate the highest common factor of 319821 and 51.
51
What is the greatest common divisor of 19092 and 10191?
129
What is the greatest common divisor of 1169156 and 492?
164
What is the highest common divisor of 56 and 134312?
8
Calculate the highest common factor of 2021 and 8423528.
2021
What is the greatest common divisor of 5580 and 1035?
45
What is the greatest common factor of 95425 and 1041?
347
Calculate the highest common divisor of 57 and 1389147.
57
Calculate the greatest common divisor of 176 and 356048.
176
What is the highest common divisor of 1779971 and 236?
59
What is the highest common divisor of 12108 and 24?
12
What is the highest common factor of 1990 and 44974?
398
What is the greatest common divisor of 289 and 4505?
17
Calculate the highest common factor of 222 and 162504.
222
Calculate the greatest common factor of 3572 and 4636.
76
Calculate the greatest common divisor of 1714 and 8.
2
Calculate the highest common factor of 415891 and 931.
133
What is the greatest common factor of 161716 and 10?
2
What is the greatest common factor of 17649 and 10176?
159
What is the highest common divisor of 2414727 and 45?
9
Calculate the greatest common divisor of 1535542 and 646.
646
Calculate the greatest common factor of 28 and 95396.
28
What is the greatest common divisor of 8516 and 4?
4
Calculate the highest common factor of 492 and 95448.
492
Calculate the highest common factor of 105850 and 116.
58
What is the greatest common factor of 17584056 and 1946?
1946
Calculate the greatest common factor of 284223 and 51.
51
What is the highest common factor of 75760 and 480?
80
Calculate the highest common factor of 3312 and 95220.
828
What is the greatest common divisor of 3210 and 4110?
30
Calculate the highest common factor of 265530 and 12.
6
Calculate the highest common divisor of 175 and 8350.
25
Calculate the greatest common divisor of 52056 and 2808.
216
What is the highest common factor of 40 and 8196?
4
Calculate the highest common divisor of 271179 and 7569.
261
What is the greatest common factor of 59 and 1327559?
59
Calculate the highest common divisor of 7456 and 200613.
233
What is the highest common divisor of 4158 and 1302?
42
Calculate the highest common divisor of 1551 and 880.
11
Calculate the greatest common divisor of 261031 and 1.
1
Calculate the highest common factor of 1015 and 16675.
145
Calculate the highest common factor of 510 and 318597.
51
Calculate the highest common factor of 146867 and 21.
7
Calculate the highest common divisor of 30072 and 392.
56
What is the greatest common factor of 192 and 2018176?
64
What is the greatest common divisor of 14535 and 27778?
323
Calculate the highest common divisor of 56 and 595840.
56
Calculate the highest common divisor of 900 and 1536.
12
Calculate the highest common factor of 27923 and 14.
7
Calculate the highest common factor of 1716 and 980408.
572
What is the greatest common factor of 1275 and 15285?
15
Calculate the greatest common factor of 164160 and 320.
320
Calculate the greatest common divisor of 1788 and 61239.
447
What is the highest common factor of 65801 and 435?
29
Calculate the highest common divisor of 75 and 8135.
5
What is the highest common factor of 54 and 846?
18
What is the greatest common divisor of 367299 and 37?
37
Calculate the greatest common divisor of 44979 and 33.
33
What is the greatest common divisor of 21331 and 249?
83
Calculate the highest common factor of 1368 and 1002.
6
Calculate the highest common divisor of 56784 and 140322.
546
What is the highest common divisor of 955 and 23493?
191
Calculate the highest common divisor of 93010 and 710.
710
What is